 -6 + -1 - (-1 + 1)?
-2
-11 + 13 + -4 + -3
-5
What is (-3 - -2) + -3 - (-39 - -38)?
-3
Calculate -1 + 0 + (-4 - -6) - 2.
-1
What is (7 + -2 - 0) + -11?
-6
Evaluate 1 + 5 - (8 - 4).
2
Evaluate (0 - -5 - 4) + -1.
0
What is the value of -4 - -5 - (2 - 1)?
0
Calculate 4 + -2 - (-3 - (-8 + 4)).
1
What is the value of 2 - (-2 + (-2 - 1))?
7
What is the value of -4 + 2 - ((3 - 0) + -4)?
-1
What is the value of -8 - (-2 + -1) - (2 - 8)?
1
Calculate -5 + (-4 - -12) - 4.
-1
What is (-2 - -7) + (5 - 9 - -2)?
3
3 + (1 - 3) - 2
-1
Calculate (-6 - (2 - 1)) + (4 - 0).
-3
2 - 6 - (-5 - (4 - 8))
-3
Calculate (0 - 8) + (-4 - -10).
-2
Calculate 1 + 7 + -1 + -8.
-1
What is the value of 7 - (1 - -7 - 7)?
6
-2 - 2 - -4 - (-5 + -2)
7
-3 + 4 + -1 + 2 + -1
1
What is the value of -1 + (5 - -1 - 7)?
-2
What is 3 + -1 + (3 - (1 - -2))?
2
What is (-6 - 7) + 6 + (-1 - -4)?
-4
What is (13 - (5 + 11)) + 12?
9
Calculate 3 + 7 + 0 + -2 + 1.
9
47 - 43 - (-1 + 6)
-1
What is -4 - (6 - 5 - (-2 + 6))?
-1
What is (4 - -1) + 2 + -12 + 13?
8
What is the value of -12 + (17 - 10) + 9?
4
What is the value of (0 - 1) + -21 + -2 + 28?
4
Calculate -6 - (-7 - -14 - 15).
2
-6 - (1 - 1 - 10)
4
What is the value of -1 + (1 - -5) + -4?
1
Evaluate -5 - 5 - -2 - -11.
3
Calculate (0 - 1) + -2 + -3.
-6
What is 3 - (-3 + 4 - 0)?
2
What is the value of -4 + 0 + (-2 - -7)?
1
-8 + (14 - 6) - (-2 + 0)
2
9 + -11 + -1 + 0 - 2
-5
(-4 - -10) + (22 - 24)
4
Evaluate (-4 - ((1 - 0) + 3)) + 4.
-4
What is the value of -3 - 3 - (-1 - (0 - -2))?
-3
Evaluate (0 - (2 - 8)) + -11 + 7.
2
Calculate (8 - 0) + -4 + -1.
3
3 + -6 + (0 - -1) - -5
3
Evaluate -5 - (-12 - (1 - 10)).
-2
What is (0 - -6) + (-3 - (1 - 1))?
3
Evaluate 9 + -12 - (-1 + -2).
0
-2 + 5 + -4 + 0
-1
What is the value of -1 - 7 - (-25 - -19)?
-2
Calculate 5 - (-12 + 22 - 12).
7
What is the value of -3 + (3 - (-3 - -1))?
2
Calculate 0 + -2 - (3 - 9).
4
Evaluate 6 + -2 + (-10 - (4 + -7)).
-3
Calculate -4 - (2 - (3 - 2)).
-5
Evaluate 6 - (9 + 2 - 14).
9
Calculate 9 + -3 + 6 + -7.
5
(-2 - 7 - -18) + -1
8
4 + -10 + 0 + (8 - -1)
3
What is the value of (-2 - 1) + -13 + 19?
3
What is 0 + 2 - (-6 - (-1 + -7))?
0
What is the value of -17 + 8 - (1 + 1 + -5)?
-6
What is the value of -3 + 7 - (5 + -4) - 0?
3
Evaluate (0 + -1 - -2) + 0 + 2.
3
What is (-3 - (-1 + -10)) + -4 + 0?
4
-3 + -1 + 1 + -4 + 1
-6
Evaluate 3 + (4 + -3 + -2 - -1).
3
What is -15 - (-3 - (0 + 6))?
-6
What is the value of -10 - -11 - (0 - 1)?
2
Evaluate -4 + 10 - (1 + (2 - 0)).
3
What is the value of (-8 - -1) + 5 + 1 + -8?
-9
What is the value of (0 - 2 - 2) + 8 + -3?
1
Evaluate -12 + 4 + (-6 - -23).
9
What is 9 + -3 - (-3 + (2 - -2))?
5
What is the value of (-3 - (-1 - (-9 + 4))) + 5?
-2
Calculate -2 + 3 + (4 - 4) + 1.
2
What is the value of 7 - (-1 + (2 + 4 - -1))?
1
(5 - (4 - -2)) + 0 + 1
0
Evaluate 7 - (-5 - (-2 + -10 + 1)).
1
Evaluate (13 - 14) + 4 + -2 - 5.
-4
What is the value of 12 - (-6 + 5 + 8)?
5
Evaluate 31 + -29 + -2 + 6 + -6.
0
Evaluate (0 - -1 - 0) + (-5 - -1).
-3
-4 - (8 + (-16 - -7))
-3
(-1 - 2) + 6 + (-3 - -7)
7
Evaluate -5 + 1 + (2 - -7 - 6).
-1
What is (0 - -5 - 9) + -2?
-6
What is 1 + (-4 - 12 - -7)?
-8
Calculate 8 + 0 + 0 - 3.
5
What is the value of 3 + (-2 - 2) + -1 + 8?
6
(-10 - (-5 - -1)) + 5
-1
What is 5 + -2 + -1 + -3?
-1
Evaluate 7 + -2 + 1 + -1.
5
Evaluate (19 - 10) + -6 + (-7 - -1).
-3
What is 1 - -1 - (6 + -6 - -1)?
1
What is the value of 1 + (2 - 2) + 1 + -4?
-2
What is 5 - ((-2 - 0) + 1 - -9)?
-3
(-3 + -1 + 2 - 1) + 5
2
What is -9 + 14 + (-2 - 5)?
-2
What is -1 - (-1 + -1) - -1?
2
-5 + -4 + (14 - 2)
3
What is -4 + (-2 + -1 - (11 + -21))?
3
Calculate 18 - (13 - (-2 - -3)).
6
What is the value of -2 + 3 - (-2 + -4 - -3)?
4
Calculate -11 - -6 - (-1 + 3 - 13).
6
Evaluate (-19 - -24) + (-2 - 10).
-7
Calculate (6 - (5 - 3)) + 0.
4
Calculate 2 + -3 + 3 - (-1 - -5).
-2
What is the value of (-2 - -1) + (22 - 19)?
2
Evaluate (3 - 3) + -2 + 4.
2
What is the value of (0 - 0) + 2 + 14 + -16?
0
Calculate (13 - 11) + 3 + -4.
1
(64 - 67) + (-1 + -2 - 1)
-7
What is 2 + (-2 - (0 - -2 - 1))?
-1
Evaluate -4 + 10 + -5 + 3.
4
-5 + 16 + -8 - (0 + -2)
5
17 + (-4 - -2) + -7 + 0
8
What is the value of -5 - (-3 - 0 - -2)?
-4
What is the value of -2 + -7 + 6 + 7?
4
What is -12 + 2 + 3 + (6 - 2)?
-3
Evaluate -4 - (21 + -8 + -15).
-2
What is the value of -10 - (1 - 23) - 12?
0
Evaluate -2 + 1 - ((-12 - -3) + 8).
0
What is the value of -1 - -3 - (0 - 2)?
4
Evaluate -2 + -3 + 6 - 1.
0
What is (-1 - 4 - 0) + 0?
-5
What is 8 - 0 - (12 - (-7 - -3))?
-8
Calculate -7 + 7 + (0 - 5).
-5
Calculate 1 + 11 + -16 + 10.
6
What is 3 + -2 + 4 - 2?
3
Evaluate -5 - -2 - (8 + -13).
2
Calculate -2 - (-4 - (5 - 12)).
-5
What is (-8 - -1) + (-3 - (-5 + -2))?
-3
What is -4 + (1 - 1) + (-25 - -30)?
1
What is the value of (-3 - -4 - 4 - -3) + 2?
2
Evaluate -1 + 4 + 0 + 1 + -3.
1
Calculate (3 - 2) + 3 - (15 + -7).
-4
Evaluate -2 - (0 - (-1 + 2 + -2)).
-3
What is 6 + (-2 - -2) + 1 - 4?
3
What is 1 + -1 - (44 - 41)?
-3
Evaluate -7 + (9 - 4) - (-1 - -2).
-3
Calculate -8 + 11 + 1 + 1.
5
Calculate (3 - (1 + -3)) + -4 - 0.
1
-1 + 4 + -3 - (22 - 20)
-2
Evaluate (-2 - ((-1 - 0) + -2)) + -2.
-1
Calculate -17 + 6 + -12 + 12.
-11
What is -1 + 4 + 1 + -5 - -4?
3
Calculate 6 - (2 + -2 + 2 + -2).
6
What is (5 - (-2 - (-4 - 3))) + 4?
4
What is the value of 2 + -5 + (0 - -3)?
0
What is 7 + -6 + (-5 - -5)?
1
Calculate 3 + -1 + 1 + -1 + 3.
5
Evaluate -4 - (-7 - -4) - 1.
-2
What is 19 + -18 - (-6 + 1)?
6
Evaluate 2 - -8 - (-6 - -10).
6
What is 14 - (12 + 1 - 3)?
4
What is -7 - -1 - (173 + -175)?
-4
What is 4 - (-6 + 5) - 7 - 2?
-4
Evaluate -1 - (4 + (-2 - 4) - -5).
-4
What is the value of (8 - (3 + 6)) + -4?
-5
What is 1 + -7 + (32 - 16)?
10
What is the value of (-6 - (-15 + 7)) + -1 + 0?
1
Evaluate -6 + -7 - (-10 - -2).
-5
Calculate 25 + -16 - (-5 - -14).
0
Evaluate (-8 + 11 - 15) + 8.
-4
Evaluate (-6 - -5) + (-1 - -2) + 4.
4
What is 3 - (0 + -1 - -2)?
2
What is 3 + -1 + -4 - 3?
-5
What is the value of -5 - -13 - 5 - -7?
10
Calculate 1 - (-14 + 6 + 8 + 4).
-3
Calculate 2 - (-4 - (-1 + -1 - 0)).
4
What is -6 + (-7 - -7 - -4)?
-2
What is the value of 5 - (-5 - -4 - (1 + -2))?
5
Evaluate 2 - ((-1 - -1) + 7).
-5
Calculate 1 + (-3 - 1) + (-2 - -5).
0
Calculate -7 + (2 - (0 - 6)).
1
4 + -1 + 3 + -2
4
What is 42 - 45 - (-2 + 4)?
-5
What is (-2 - -7) + (2 - 10)?
-3
-1 + -6 - (-37 - -32)
-2
What is 3 - ((1 - 1) + -1 + -1)?
5
Calculate -2 + -7 + 0 - -14.
5
-3 - -4 - -3 - 2
2
Calculate 3 - 3 - (2 + -3).
1
Calculate (-3 - -4) + -3 + (19 - 24).
-7
What is the value of (4 - (8 + -5 - -4)) + 1?
-2
Evaluate 14 - 14 - (7 - 2).
-5
-3 + (9 - 2) + 1 - 1
4
What is (2 - -9) + (-10 - -6)?
7
What is the value of 4 - (6 + 2 + -2)?
-2
-4 + 3 + -3 + (4 - -1)
1
Evaluate 0 + -1 + 3 - -2.
4
Calculate (1 - -1) + (7 - (-5 - -11)).
3
What is the value of 3 + -2 + 3 + -8 - -2?
-2
What is (1 - 10) + (0 - -2)?
-7
Calculate -52 + 46 + (0 - -8).
2
Calculate 1 + 2 + -2 + 10 + -7.
4
What is the value of 9 + (-5 - 7) + 4?
1
What is 11 + (-13 - -3) + -3?
-2
Evaluate (-7 - -10) + (-3 - 0) - 3.
-3
What is (2 - 11) + 5 + -2 + 1?
-5
What is the value of -2 + 0 - (-133 - -130)?
1
What is (-3 - -5) + (2 - 1)?
3
What is the value of (-20 - -4) + 24 - (1 + -1)?
8
What is (-61 - -76) + 1 + -7?
9
What is -2 - (-2 + 5 - (-1 + 8))?
2
What is the value of (-1 - (-2 + -2)) + -4 + 0?
-1
What is -7 - (-9 - (7 - (17 - 7)))?
-1
What is 2 + 0 + 0 + (0 - 5)?
-3
Evaluate -10 - (-13 - 0) - 13.
-10
Calculate -1 + 3 + 1 + -1 + 1.
3
Calculate 2 - (4 + -3) - -1.
2
What is the value of -7 - (-3 - (-4 + 5))?
-3
What is the value of -6 + (-7 + 5 - -9)?
1
Evaluate (9 - 0) + -8 + (0 - -2).
3
What is (-17 - (13 + -17)) + 10?
-3
Calculate (-2 + 2 + 0 - 4) + 6.
2
What is (-3 + -15 - -9) + 4?
-5
Calculate 3 - (4 + 1 + -3 - 0).
1
What is -7 - (3 - (-4 - -9))?
-5
What is the value of 5 - 6 - (3 - -1 - 1)?
-4
Calculate 95 - 107 - (-4 - -1).
-9
What is the value of 125 + -127 + (-1 - (2 + -3))?
-2
-7 + 12 + -8 + -2
-5
0 - -8 - -2 - (32 + -25)
3
Evaluate 11 + (-6 - -3) + -1 - 2.
5
What is -6 + -6 + 8 + 3?
-1
What is 1 - (1 + (-2 - -4 - 2))?
0
Evaluate 7 + (2 - 1 - 5) + -4.
-1
3 + 1 + (-7 - -2)
-1
Calculate -9 - (-4 - (-3 - -5)).
-3
What is -1 + -1 - (-52 - -50)?
0
-5 + -6 + 22 - 6
5
Calculate (2 - (2 + 5)) + -3 + 3.